t the prime factors of 192894612.
2, 3, 19, 227, 3727
List the prime factors of 114580674.
2, 3, 13, 337, 1453
List the prime factors of 240708499.
41, 5870939
List the prime factors of 3444786584.
2, 430598323
List the prime factors of 28873859.
7, 4124837
List the prime factors of 136144631.
7, 19449233
What are the prime factors of 178944150?
2, 3, 5, 7, 11, 15493
What are the prime factors of 141598246?
2, 73, 969851
What are the prime factors of 295008373?
11, 23, 1166041
List the prime factors of 94597669.
94597669
What are the prime factors of 260432104?
2, 353, 92221
List the prime factors of 34758075.
3, 5, 11, 42131
List the prime factors of 829326137.
29, 2903, 9851
What are the prime factors of 674906608?
2, 73, 577831
What are the prime factors of 44015968?
2, 29, 47431
List the prime factors of 446453706.
2, 3, 103, 722417
List the prime factors of 5667815090.
2, 5, 7, 80968787
List the prime factors of 212569401.
3, 11, 6441497
What are the prime factors of 109943213?
89, 883, 1399
List the prime factors of 465410504.
2, 13, 617, 7253
What are the prime factors of 247627379?
4919, 50341
What are the prime factors of 1841487143?
13147, 140069
What are the prime factors of 1900206586?
2, 17, 307, 182047
List the prime factors of 17525734.
2, 8762867
List the prime factors of 54633500.
2, 5, 109267
What are the prime factors of 60210557?
11, 5473687
List the prime factors of 6952393707.
3, 7, 331066367
List the prime factors of 19898585.
5, 7, 17, 53, 631
What are the prime factors of 241506878?
2, 120753439
What are the prime factors of 89022539?
89022539
What are the prime factors of 56421182?
2, 29, 173, 5623
List the prime factors of 4822269070.
2, 5, 482226907
What are the prime factors of 51166829?
7, 19, 54959
What are the prime factors of 4343642380?
2, 5, 7, 11, 37, 76231
List the prime factors of 1419677.
7, 4139
What are the prime factors of 443008261?
443008261
What are the prime factors of 293839066?
2, 19, 7732607
List the prime factors of 295060983.
3, 7, 14050523
What are the prime factors of 224811958?
2, 7, 16057997
List the prime factors of 1226792971.
2671, 459301
What are the prime factors of 1044510375?
3, 5, 47, 59263
What are the prime factors of 647387200?
2, 5, 17, 23801
What are the prime factors of 41850428?
2, 10462607
What are the prime factors of 1275935851?
31, 41159221
List the prime factors of 5915525391.
3, 219093533
List the prime factors of 51296987.
7, 103, 71147
What are the prime factors of 246460874?
2, 11, 1013, 11059
What are the prime factors of 67277609?
7, 9611087
What are the prime factors of 16399205?
5, 3279841
What are the prime factors of 287916693?
3, 95972231
List the prime factors of 62952180.
2, 3, 5, 83, 12641
What are the prime factors of 825858687?
3, 61, 383, 11783
List the prime factors of 410702328.
2, 3, 19, 300221
List the prime factors of 320891231.
47, 6827473
List the prime factors of 566477897.
566477897
What are the prime factors of 42105879?
3, 1559477
What are the prime factors of 2991744711?
3, 17, 23, 83, 10243
What are the prime factors of 69072134?
2, 181, 190807
List the prime factors of 1082172667.
1399, 773533
What are the prime factors of 88976334?
2, 3, 17, 872317
What are the prime factors of 448588614?
2, 3, 74764769
What are the prime factors of 85598678?
2, 11, 3890849
What are the prime factors of 121589178?
2, 3, 23, 37, 23813
What are the prime factors of 77305587?
3, 25768529
What are the prime factors of 6740175?
3, 5, 13, 31, 223
What are the prime factors of 4035716578?
2, 113, 17857153
List the prime factors of 1312379753.
17, 103, 223, 3361
What are the prime factors of 103167262?
2, 11, 426311
List the prime factors of 36895763.
17, 43, 2969
What are the prime factors of 42485378?
2, 13, 1634053
What are the prime factors of 144367808?
2, 13, 17, 59, 173
List the prime factors of 1284794918.
2, 11, 58399769
List the prime factors of 2232769824.
2, 3, 61, 73, 1741
What are the prime factors of 1110326802?
2, 3, 13, 107, 173, 769
List the prime factors of 1480362955.
5, 6037, 49043
What are the prime factors of 117382195?
5, 7, 17, 28183
What are the prime factors of 2334042670?
2, 5, 29, 41, 196303
List the prime factors of 785814575.
5, 7, 13, 345413
What are the prime factors of 58597944?
2, 3, 2441581
List the prime factors of 32659513.
32659513
List the prime factors of 44505323.
44505323
What are the prime factors of 3010439905?
5, 11, 54735271
List the prime factors of 81195263.
2657, 30559
What are the prime factors of 60062359?
7, 37, 231901
What are the prime factors of 99772301?
99772301
List the prime factors of 111823910.
2, 5, 11, 1016581
List the prime factors of 512482429.
512482429
List the prime factors of 2230534347.
3, 743511449
List the prime factors of 1232695612.
2, 5231, 58913
List the prime factors of 235066.
2, 13, 9041
What are the prime factors of 11689799?
11, 137, 7757
What are the prime factors of 425123650?
2, 5, 7, 1214639
List the prime factors of 143727545.
5, 13, 101, 21893
What are the prime factors of 64998908?
2, 13, 73, 17123
List the prime factors of 324938011.
29, 386371
List the prime factors of 4989088.
2, 13, 67, 179
What are the prime factors of 614204286?
2, 3, 102367381
List the prime factors of 570089412.
2, 3, 53, 73, 4093
List the prime factors of 1089679039.
17, 43, 1490669
List the prime factors of 78785714.
2, 7, 5627551
List the prime factors of 160897711.
13, 1847, 6701
What are the prime factors of 73303064?
2, 19, 277, 1741
What are the prime factors of 73075830?
2, 3, 5, 23, 105907
List the prime factors of 47011304.
2, 1013, 5801
List the prime factors of 33607888.
2, 2100493
List the prime factors of 1565345.
5, 31, 10099
What are the prime factors of 60212227?
60212227
List the prime factors of 3750535.
5, 31, 24197
List the prime factors of 3247121837.
25939, 125183
List the prime factors of 158579253.
3, 7, 2517131
List the prime factors of 72542663.
72542663
List the prime factors of 28678082.
2, 17, 843473
What are the prime factors of 262859074?
2, 29, 4532053
What are the prime factors of 55066728?
2, 3, 223, 10289
What are the prime factors of 207309847?
71, 83, 127, 277
What are the prime factors of 344163624?
2, 3, 7, 2048593
What are the prime factors of 362197514?
2, 7, 23, 37, 43, 101
List the prime factors of 21833534.
2, 10916767
What are the prime factors of 1328913549?
3, 31, 4763131
List the prime factors of 43462641.
3, 3571, 4057
What are the prime factors of 1254076158?
2, 3, 11273, 18541
List the prime factors of 1871589363.
3, 7, 829, 107507
What are the prime factors of 1435465512?
2, 3, 13, 23, 131, 509
List the prime factors of 235955417.
53, 229, 19441
List the prime factors of 707296121.
7, 43, 54647
List the prime factors of 1133091641.
11, 103008331
What are the prime factors of 234287835?
3, 5, 83, 227, 829
What are the prime factors of 31610117?
7, 11, 43, 9547
What are the prime factors of 951122725?
5, 7, 751, 7237
List the prime factors of 5744530051.
13, 31, 911, 15647
List the prime factors of 3284974442.
2, 1642487221
List the prime factors of 371038277.
17, 23, 948947
List the prime factors of 417162080.
2, 5, 97, 26879
List the prime factors of 38192067.
3, 73, 2153
What are the prime factors of 964006416?
2, 3, 733, 9133
What are the prime factors of 37879707?
3, 71, 177839
What are the prime factors of 181704951?
3, 313, 2389
What are the prime factors of 25529516?
2, 6382379
What are the prime factors of 1638411011?
1638411011
What are the prime factors of 827139028?
2, 103, 2007619
What are the prime factors of 238643614?
2, 11, 10847437
List the prime factors of 741379901.
7253, 102217
List the prime factors of 93086428.
2, 23, 31, 127, 257
List the prime factors of 2565487826.
2, 11, 2909, 40087
What are the prime factors of 842482033?
617, 1365449
What are the prime factors of 42538551?
3, 11, 193, 6679
List the prime factors of 38485594.
2, 7, 2748971
List the prime factors of 298348852.
2, 1663, 44851
List the prime factors of 2090557193.
23, 90893791
List the prime factors of 1606173021.
3, 178463669
List the prime factors of 1956060872.
2, 97, 2520697
List the prime factors of 124126705.
5, 24825341
List the prime factors of 31